{"id":79,"date":"2022-02-01T09:56:33","date_gmt":"2022-02-01T09:56:33","guid":{"rendered":"https:\/\/detectivi-botosani.ro\/?page_id=79"},"modified":"2022-02-01T10:04:27","modified_gmt":"2022-02-01T10:04:27","slug":"cadrul-legal","status":"publish","type":"page","link":"https:\/\/detectivi-botosani.ro\/index.php\/cadrul-legal\/","title":{"rendered":"Cadrul legal"},"content":{"rendered":"<div class=\"fl-builder-content fl-builder-content-79\" data-post-id=\"79\"><div class=\"fl-row fl-row-fixed-width fl-row-bg-none fl-node-jcb38gs6zh2n\" data-node=\"jcb38gs6zh2n\">\n\t<div class=\"fl-row-content-wrap\">\n\t\t\t\t\t\t<div class=\"fl-row-content fl-row-fixed-width fl-node-content\">\n\t\t\n<div class=\"fl-col-group fl-node-0frwcb623gk7\" data-node=\"0frwcb623gk7\">\n\t\t\t<div class=\"fl-col fl-node-obiumv5ahdtx\" data-node=\"obiumv5ahdtx\">\n\t<div class=\"fl-col-content fl-node-content\">\n\t<div class=\"fl-module fl-module-rich-text fl-node-ydobi4s1f9ep\" data-node=\"ydobi4s1f9ep\">\n\t<div class=\"fl-module-content fl-node-content\">\n\t\t<div class=\"fl-rich-text\">\n\t<p style=\"text-align: center;\"><span style=\"font-size: 18px;\"><strong>LEGE nr.329 din 8 iulie 2003 privind exercitarea profesiei de detectiv particular<\/strong><\/span><\/p>\n<p align=\"center\">CAPITOLUL I<br \/>\n<b>Dispozi\u0163ii generale<\/b><\/p>\n<p><b>Art. 1.<\/b>\u00a0- (1) Detectivul particular este persoana atestat\u0103 \u00een condi\u0163iile prezentei legi \u015fi care, f\u0103r\u0103 s\u0103 aduc\u0103 atingere dreptului la via\u0163\u0103 intim\u0103, familial\u0103 \u015fi privat\u0103 ori altor drepturi \u015fi libert\u0103\u0163i fundamentale, la cererea persoanelor fizice sau juridice, desf\u0103\u015foar\u0103 activit\u0103\u0163i specifice de investigare, referitoare la:<\/p>\n<p>a) conduita \u015fi moralitatea public\u0103 a unei persoane;b) date privind solvabilitatea ori seriozitatea unei persoane fizice sau juridice poten\u0163ial\u0103 partener\u0103 \u00eentr-o afacere;c) persoanele disp\u0103rute de la domiciliu;d) bunurile care fac obiectul unor litigii de natur\u0103 civil\u0103 sau penal\u0103 \u00eenstr\u0103inate \u00een scopul prejudicierii intereselor unei p\u0103r\u0163i \u00een proces;e) asigurarea protec\u0163iei \u00eempotriva scurgerii unor informa\u0163ii din sfera vie\u0163ii private sau a activit\u0103\u0163ii agen\u0163ilor economici care doresc s\u0103 p\u0103streze confiden\u0163ialitatea acestora.<\/p>\n<p>(2) Activitatea detectivului particular nu poate fi contrar\u0103 reglement\u0103rilor legale interne sau celor interna\u0163ionale la care Rom\u00e2nia este parte, siguran\u0163ei na\u0163ionale, ordinii publice ori bunelor moravuri.<\/p>\n<p>(3) Informa\u0163iile ob\u0163inute \u00een urma activit\u0103\u0163ilor desf\u0103\u015furate de detectivul particular sunt destinate exclusiv clientului acestuia, \u00een condi\u0163iile prezentei legi.<\/p>\n<p><b>Art. 2.<\/b>\u00a0- (1) Detectivul particular \u00ee\u015fi poate exercita profesia, dup\u0103 caz, \u00een cadrul societ\u0103\u0163ilor specializate sau al cabinetelor individuale de detectivi particulari, \u00eenfiin\u0163ate conform legisla\u0163iei comerciale \u015fi care func\u0163ioneaz\u0103 \u00een baza licen\u0163ei eliberate de Inspectoratul General al Poli\u0163iei Rom\u00e2ne.<\/p>\n<p>(2) Obiectul de activitate al societ\u0103\u0163ilor specializate \u015fi al cabinetelor individuale de detectivi particulari este unic.<\/p>\n<p>(3) Conduc\u0103torii executivi ai societ\u0103\u0163ilor specializate de detectivi particulari trebuie s\u0103 fie absolven\u0163i ai facult\u0103\u0163ii de drept sau ai unei \u015fcoli postliceale de detectivi ori s\u0103 fi \u00eendeplinit func\u0163ia de poli\u0163ist ori lucr\u0103tor \u00een cadrul unei institu\u0163ii publice cu atribu\u0163ii \u00een domeniul ordinii publice sau siguran\u0163ei na\u0163ionale cu grad de ofi\u0163er \u015fi s\u0103 \u00eendeplineasc\u0103 condi\u0163iile prev\u0103zute la art. 5 lit. c), d), e) \u015fi f).<\/p>\n<p><b>Art. 3.<\/b>\u00a0- (1) Detectivul particular este obligat s\u0103 p\u0103streze secretul profesional asupra datelor \u015fi informa\u0163iilor ob\u0163inute.<\/p>\n<p>(2) Datele \u015fi informa\u0163iile prev\u0103zute la alin. (1) pot fi comunicate, la cerere, potrivit legii, numai instan\u0163elor judec\u0103tore\u015fti \u015fi Ministerului Public, dac\u0103 acestea sunt utile pentru aflarea adev\u0103rului \u00een cauzele aflate pe rol.<\/p>\n<p>(3) \u00cen activitatea desf\u0103\u015furat\u0103, detectivul particular se supune legii, statutului societ\u0103\u0163ii specializate sau al cabinetului individual de detectivi particulari.<\/p>\n<p align=\"center\">CAPITOLUL II<br \/>\n<b>Dob\u00e2ndirea calit\u0103\u0163ii de detectiv particular<\/b><\/p>\n<p><b>Art. 4.<\/b>\u00a0- Activitatea de detectiv particular poate fi desf\u0103\u015furat\u0103 numai de persoanele care sunt atestate profesional.<\/p>\n<p><b>Art. 5.<\/b>\u00a0- Poate dob\u00e2ndi calitatea de detectiv particular persoana care \u00eendepline\u015fte urm\u0103toarele condi\u0163ii:<\/p>\n<p>a) are cet\u0103\u0163enie rom\u00e2n\u0103 \u015fi domiciliul \u00een \u0163ar\u0103;b) posed\u0103 cel pu\u0163in studii medii \u015fi este absolvent\u0103 a unei \u015fcoli postliceale de detectivi sau a \u00eendeplinit func\u0163ia de poli\u0163ist ori lucr\u0103tor \u00een cadrul unor institu\u0163ii publice cu atribu\u0163ii \u00een domeniul ap\u0103r\u0103rii, ordinii publice sau siguran\u0163ei na\u0163ionale ori este absolvent\u0103 a unei institu\u0163ii de \u00eenv\u0103\u0163\u0103m\u00e2nt superior;c) este apt\u0103 din punct de vedere medical;d) nu a s\u0103v\u00e2r\u015fit fapte penale;e) nu desf\u0103\u015foar\u0103 o activitate care implic\u0103 exerci\u0163iul autorit\u0103\u0163ii publice;f) a ob\u0163inut avizul inspectoratului de poli\u0163ie jude\u0163ean sau al Direc\u0163iei generale de poli\u0163ie a municipiului Bucure\u015fti, dup\u0103 caz;g) a promovat examenul de atestare a calit\u0103\u0163ii de detectiv, conform prevederilor art. 7.<\/p>\n<p><b>Art. 6.<\/b>\u00a0- Pentru sus\u0163inerea examenului de atestare a calit\u0103\u0163ii de detectiv particular, cei interesa\u0163i trebuie s\u0103 depun\u0103 la inspectoratele de poli\u0163ie jude\u0163ene sau, dup\u0103 caz, la Direc\u0163ia general\u0103 de poli\u0163ie a municipiului Bucure\u015fti urm\u0103toarele acte:<\/p>\n<p>a) cerere;b) curriculum vitae;c) actul de stare civil\u0103, \u00een copie legalizat\u0103;d) actul de studii, \u00een copie legalizat\u0103;e) actul de absolvire a unui curs de specialitate, \u00een copie legalizat\u0103;f) certificate medicale \u015fi de testare psihologic\u0103, eliberate de o unitate sanitar\u0103 specializat\u0103, respectiv de un laborator autorizat;g) certificat de cazier judiciar;h) declara\u0163ie din care s\u0103 rezulte c\u0103 \u00eendepline\u015fte condi\u0163ia prev\u0103zut\u0103 la art. 5 lit. e);i) dovada achit\u0103rii tarifului pentru sus\u0163inerea examenului de atestare a cuno\u015ftin\u0163elor, stabilit \u00een conformitate cu dispozi\u0163iile legale.<\/p>\n<p><b>Art. 7.<\/b>\u00a0- (1) Calitatea de detectiv particular se dob\u00e2nde\u015fte \u00een urma verific\u0103rii \u00eendeplinirii condi\u0163iilor prev\u0103zute de lege \u015fi a examin\u0103rii candida\u0163ilor de c\u0103tre o comisie instituit\u0103 la nivelul inspectoratului de poli\u0163ie jude\u0163ean, respectiv al Direc\u0163iei generale de poli\u0163ie a municipiului Bucure\u015fti.<\/p>\n<p>(2) Comisia prev\u0103zut\u0103 la alin. (1) se \u00eentrune\u015fte trimestrial, iar verificarea cuno\u015ftin\u0163elor se face potrivit tematicii aprobate de Inspectoratul General al Poli\u0163iei Rom\u00e2ne.<\/p>\n<p>(3) Dup\u0103 promovarea examenului, detectivului particular i se elibereaz\u0103 un atestat, pe baza c\u0103ruia se poate asocia, ori angaja la o societate licen\u0163iat\u0103 sau \u00ee\u015fi poate \u00eenfiin\u0163a cabinet individual pentru desf\u0103\u015furarea de activit\u0103\u0163i de investigare.<\/p>\n<p>(4) Persoana respins\u0103 la examen poate depune contesta\u0163ie la Inspectoratul General al Poli\u0163iei Rom\u00e2ne \u00een termen de 3 zile, acesta av\u00e2nd obliga\u0163ia s\u0103 o solu\u0163ioneze \u00een termen de 30 de zile de la data depunerii.<\/p>\n<p><b>Art. 8.<\/b>\u00a0- (1) Calitatea de detectiv particular \u00eenceteaz\u0103:<\/p>\n<p>a) prin renun\u0163are scris\u0103, care se depune la inspectoratul de poli\u0163ie jude\u0163ean sau, dup\u0103 caz, la Direc\u0163ia general\u0103 de poli\u0163ie a municipiului Bucure\u015fti;b) prin anularea atestatului \u00een condi\u0163iile art. 23 alin. (2);c) c\u00e2nd persoana \u00een cauz\u0103 nu mai \u00eendepline\u015fte condi\u0163iile prev\u0103zute la art. 5 lit. a) \u015fi c)-e).<\/p>\n<p>(2) Calitatea de detectiv particular se suspend\u0103:<\/p>\n<p>a) c\u00e2nd \u00eempotriva persoanei \u00een cauz\u0103 se pune \u00een mi\u015fcare ac\u0163iunea penal\u0103, pentru o infrac\u0163iune s\u0103v\u00e2r\u015fit\u0103 cu inten\u0163ie, \u00een leg\u0103tur\u0103 cu activitatea sa de detectiv; \u00een acest caz suspendarea dureaz\u0103 p\u00e2n\u0103 la solu\u0163ionarea definitiv\u0103 a cauzei;b) pe timpul c\u00e2t detectivul particular se afl\u0103 \u00een una dintre situa\u0163iile prev\u0103zute la art. 10;c) \u00een condi\u0163iile prev\u0103zute la art. 20 \u015fi art. 23 alin. (1).<\/p>\n<p><b>Art. 9.<\/b>\u00a0- (1) Dup\u0103 promovarea examenului de atestare inspectoratul de poli\u0163ie jude\u0163ean sau, dup\u0103 caz, Direc\u0163ia general\u0103 de poli\u0163ie a municipiului Bucure\u015fti elibereaz\u0103 persoanei \u00een cauz\u0103 o legitima\u0163ie de detectiv particular, cu plata unei taxe.<\/p>\n<p>(2) Cuantumul taxei prev\u0103zute la alin. (1), precum \u015fi forma \u015fi con\u0163inutul legitima\u0163iei se stabilesc prin ordin al ministrului de interne, la propunerea Inspectoratului General al Poli\u0163iei Rom\u00e2ne.<\/p>\n<p><b>Art. 10.<\/b>\u00a0- Exercitarea profesiei de detectiv particular este incompatibil\u0103 cu:<\/p>\n<p>a) activitatea salarizat\u0103 \u00een cadrul altor profesii, care implic\u0103 exerci\u0163iul autorit\u0103\u0163ii publice;b) activit\u0103\u0163i care influen\u0163eaz\u0103 independen\u0163a profesiei ori contravin bunelor moravuri;c) exercitarea nemijlocit\u0103 de fapte de comer\u0163, cu excep\u0163ia celor conforme obiectului de activitate \u015fi \u00eendeplinirii atribu\u0163iilor specifice.<\/p>\n<p>&nbsp;<\/p>\n<p align=\"center\">CAPITOLUL III<br \/>\n<b>Drepturile \u015fi obliga\u0163iile detectivului particular,<br \/>\nale societ\u0103\u0163ilor specializate \u015fi ale cabinetelor individuale<br \/>\n\u00een care acesta \u00ee\u015fi desf\u0103\u015foar\u0103 activitatea<\/b><\/p>\n<p><b>Art. 11.<\/b>\u00a0- (1) \u00cen exercitarea profesiei detectivul particular are dreptul s\u0103 efectueze investiga\u0163ii \u00een leg\u0103tur\u0103 cu persoanele, bunurile, faptele, datele \u015fi \u00eemprejur\u0103rile care fac obiectul acestei activit\u0103\u0163i, cu respectarea strict\u0103 a drepturilor \u015fi libert\u0103\u0163ilor cet\u0103\u0163enilor, precum \u015fi a dispozi\u0163iilor legale.<\/p>\n<p>(2) \u00cen efectuarea investiga\u0163iei detectivul particular poate solicita persoanelor fizice sau autorit\u0103\u0163ilor publice informa\u0163ii care, potrivit legii, nu sunt clasificate \u015fi nu aduc atingere dreptului la via\u0163\u0103 intim\u0103, familial\u0103 \u015fi privat\u0103 ori altor drepturi \u015fi libert\u0103\u0163i fundamentale ale persoanei vizate.<\/p>\n<p><b>Art. 12.<\/b>\u00a0- Detectivul particular are urm\u0103toarele obliga\u0163ii:<\/p>\n<p>a) s\u0103 manifeste probitate \u015fi con\u015ftiinciozitate profesional\u0103, scopul activit\u0103\u0163ii sale fiind aflarea adev\u0103rului \u00een cauza pentru care a fost angajat;b) s\u0103 foloseasc\u0103 metode \u015fi mijloace de investigare prin care s\u0103 nu aduc\u0103 atingere normelor de drept ori drepturilor \u015fi libert\u0103\u0163ilor cet\u0103\u0163ene\u015fti;c) s\u0103 p\u0103streze, chiar \u015fi dup\u0103 \u00eencetarea calit\u0103\u0163ii de detectiv particular, secretul profesional cu privire la actele, faptele, datele \u015fi \u00eemprejur\u0103rile despre care a luat cuno\u015ftin\u0163\u0103 \u00een timpul desf\u0103\u015fur\u0103rii activit\u0103\u0163ii, cu excep\u0163ia cazurilor expres prev\u0103zute de lege;d) s\u0103 nu uzeze de calitatea de detectiv particular dec\u00e2t \u00een interesul serviciului.<\/p>\n<p><b>Art. 13.<\/b>\u00a0- Detectivului particular, \u00een desf\u0103\u015furarea activit\u0103\u0163ii, \u00eei este interzis\u0103 efectuarea de investiga\u0163ii cu privire la:<\/p>\n<p>a) activitatea personalului reprezentan\u0163elor diplomatice \u015fi consulare sau a organiza\u0163iilor interna\u0163ionale cu statut similar;b) activitatea persoanelor, desf\u0103\u015furat\u0103 permanent ori temporar, cu orice titlu, \u00een interesul autorit\u0103\u0163ilor publice, institu\u0163iilor sau altor persoane juridice de interes public ori \u00een serviciile de interes public;c) datele confiden\u0163iale cu privire la convingerile politice, religioase, filozofice sau sindicale \u015fi la exprimarea acestor convingeri, la orientarea sexual\u0103, s\u0103n\u0103tatea, originea social\u0103 ori etnic\u0103 a unei persoane;d) cauzele penale aflate \u00een lucru la organele judiciare;e) activit\u0103\u0163ile specifice desf\u0103\u015furate de institu\u0163iile cu atribu\u0163ii \u00een domeniul ap\u0103r\u0103rii, ordinii publice \u015fi siguran\u0163ei na\u0163ionale.<\/p>\n<p><b>Art. 14.<\/b>\u00a0- Societ\u0103\u0163ile specializate \u015fi cabinetele individuale de detectivi particulari au urm\u0103toarele drepturi:<\/p>\n<p>a) s\u0103 se doteze \u015fi s\u0103 foloseasc\u0103 mijloacele tehnice de investigare \u015fi comunica\u0163ii permise de lege;b) s\u0103 organizeze cursuri \u015fi alte activit\u0103\u0163i de preg\u0103tire profesional\u0103 \u015fi fizic\u0103 specifice pentru perfec\u0163ionarea preg\u0103tirii personalului propriu;c) s\u0103 se afilieze \u00een asocia\u0163ii profesionale care s\u0103 le reprezinte interesele \u00een rela\u0163iile cu alte asocia\u0163ii sau cu institu\u0163ii ale statului;d) s\u0103 solicite oficial de la autorit\u0103\u0163ile publice date despre persoane, bunuri sau situa\u0163ii necesare detectivului particular \u00een procesul de investigare, care, potrivit legii, nu sunt clasificate \u015fi nu aduc atingere dreptului la via\u0163a intim\u0103, familial\u0103 \u015fi privat\u0103 ori altor drepturi \u015fi libert\u0103\u0163i fundamentale ale persoanei vizate.<\/p>\n<p><b>Art. 15.<\/b>\u00a0- \u00cen organizarea \u015fi desf\u0103\u015furarea activit\u0103\u0163ii detectivii particulari din societ\u0103\u0163ile specializate \u015fi din cabinetele individuale au obliga\u0163ia:<\/p>\n<p>a) s\u0103 \u00eentreprind\u0103 investiga\u0163ii numai \u00een baza unei conven\u0163ii scrise \u00eencheiate cu clientul;b) s\u0103 \u00eenfiin\u0163eze un registru numerotat \u015fi s\u0103 \u00eel \u00eenregistreze la inspectoratul de poli\u0163ie jude\u0163ean sau, dup\u0103 caz, la Direc\u0163ia general\u0103 de poli\u0163ie a municipiului Bucure\u015fti, \u00een care vor \u0163ine eviden\u0163a cazurilor investigate;c) s\u0103 comunice datele \u015fi informa\u0163iile solicitate de organele de cercetare penal\u0103, de procuror sau de instan\u0163a de judecat\u0103;d) \u00een cazurile \u00een care constat\u0103 c\u0103 informa\u0163iile ob\u0163inute vizeaz\u0103 siguran\u0163a na\u0163ional\u0103, s\u0103 sesizeze de \u00eendat\u0103 autorit\u0103\u0163ile cu atribu\u0163ii \u00een domeniu;e) s\u0103 angajeze \u015fi s\u0103 foloseasc\u0103 pentru activit\u0103\u0163ile specifice de investiga\u0163ii numai persoane care au calitatea de detectiv particular;f) \u00een raport de posibilit\u0103\u0163i \u015fi pe baza unor conven\u0163ii, s\u0103 primeasc\u0103 \u00een practic\u0103 elevi ai \u015fcolilor de detectivi particulari.<\/p>\n<p align=\"center\">CAPITOLUL IV<br \/>\n<b>Sanc\u0163iuni<\/b><\/p>\n<p><b>Art. 16.<\/b>\u00a0- Nerespectarea dispozi\u0163iilor prezentei legi atrage, dup\u0103 caz, r\u0103spunderea civil\u0103, material\u0103, disciplinar\u0103, contraven\u0163ional\u0103 sau penal\u0103.<\/p>\n<p><b>Art. 17.<\/b>\u00a0- \u00cenc\u0103lcarea prevederilor art. 2 alin. (1), ale art. 4, precum \u015fi declararea de date false prin actul prev\u0103zut la art. 6 lit. h) constituie infrac\u0163iuni \u015fi se pedepsesc potrivit Codului penal.<\/p>\n<p><b>Art. 18.<\/b>\u00a0- Constituie contraven\u0163ii urm\u0103toarele fapte, dac\u0103 nu sunt s\u0103v\u00e2r\u015fite \u00een astfel de condi\u0163ii \u00eenc\u00e2t, potrivit legii penale, s\u0103 fie considerate infrac\u0163iuni:<\/p>\n<p>a) efectuarea de investiga\u0163ii \u00een alte cazuri dec\u00e2t cele prev\u0103zute la art. 1 alin. (1) sau cu \u00eenc\u0103lcarea prevederilor art. 12 lit. b)-d) \u015fi ale art. 13;b) \u00eenc\u0103lcarea prevederilor art. 3 alin. (1) \u015fi (3);c) \u00eenc\u0103lcarea prevederilor art. 2 alin. (2) \u015fi (3), art. 3 alin. (2) \u015fi ale art. 15 lit. a)-e).<\/p>\n<p><b>Art. 19.<\/b>\u00a0- (1) Contraven\u0163iile prev\u0103zute la art. 18 se sanc\u0163ioneaz\u0103 dup\u0103 cum urmeaz\u0103:<\/p>\n<p>a) faptele prev\u0103zute la lit. a) \u015fi c), cu amend\u0103 de la 5.000.000 lei la 10.000.000 lei;b) fapta prev\u0103zut\u0103 la lit. b), cu amend\u0103 de la 2.000.000 lei la 5.000.000 lei.<\/p>\n<p>(2) \u00cen cazul contraven\u0163iilor prev\u0103zute la art. 18 lit. c), sanc\u0163iunea amenzii poate fi aplicat\u0103 \u015fi persoanei juridice, caz \u00een care limitele acesteia sunt de la 10.000.000 lei la 25.000.000 lei.<\/p>\n<p><b>Art. 20.<\/b>\u00a0- (1) Repetarea s\u0103v\u00e2r\u015firii contraven\u0163iilor prev\u0103zute la art. 18 lit. a) \u015fi c) \u00een interval de un an atrage suspendarea atestatului pe o perioad\u0103 de la 3 la 6 luni.<\/p>\n<p>(2) Suspendarea atestatului \u015fi revocarea suspend\u0103rii se dispun, \u00een toate cazurile, de c\u0103tre Inspectoratul General al Poli\u0163iei Rom\u00e2ne, la propunerea inspectoratelor de poli\u0163ie jude\u0163ene sau a Direc\u0163iei generale de poli\u0163ie a municipiului Bucure\u015fti, \u015fi se comunic\u0103 persoanei \u00een cauz\u0103.<\/p>\n<p><b>Art. 21.<\/b>\u00a0- Constatarea contraven\u0163iilor \u015fi aplicarea sanc\u0163iunilor se fac de c\u0103tre poli\u0163i\u015fti anume desemna\u0163i de Inspectoratul General al Poli\u0163iei Rom\u00e2ne.<\/p>\n<p><b>Art. 22.<\/b>\u00a0- Prevederile\u00a0<a href=\"http:\/\/www.cdep.ro\/pls\/legis\/legis_pck.htp_act?ida=30507\">Ordonan\u0163ei Guvernului nr.2\/2001<\/a>\u00a0privind regimul juridic al contraven\u0163iilor, aprobat\u0103 cu modific\u0103ri \u015fi complet\u0103ri prin\u00a0<a href=\"http:\/\/www.cdep.ro\/pls\/legis\/legis_pck.htp_act?ida=35950\">Legea nr. 180\/2002<\/a>, cu modific\u0103rile ulterioare, cu excep\u0163ia art. 28 \u015fi 29, se aplic\u0103 \u015fi contraven\u0163iilor prev\u0103zute de prezenta lege.<\/p>\n<p><b>Art. 23.<\/b>\u00a0- (1) \u00cenc\u0103lcarea obliga\u0163iilor prev\u0103zute la art. 15 poate atrage \u015fi suspendarea atestatului de detectiv particular sau, dup\u0103 caz, a licen\u0163ei de func\u0163ionare a societ\u0103\u0163ii specializate de detectivi, pe o perioad\u0103 cuprins\u0103 \u00eentre o lun\u0103 \u015fi 3 luni.<\/p>\n<p>(2) Atestatul de detectiv particular sau, dup\u0103 caz, licen\u0163a de func\u0163ionare a societ\u0103\u0163ii specializate de detectivi poate fi anulat\u0103 dac\u0103, \u00eentr-un interval de un an de la data la care a expirat termenul de suspendare a atestatului sau a licen\u0163ei, este s\u0103v\u00e2r\u015fit\u0103 din nou una dintre faptele care atrag m\u0103sura suspend\u0103rii.<\/p>\n<p><b>Art. 24.<\/b>\u00a0- (1) M\u0103surile prev\u0103zute la art. 23 se dispun de inspectoratul de poli\u0163ie jude\u0163ean sau, dup\u0103 caz, de c\u0103tre Direc\u0163ia general\u0103 de poli\u0163ie a municipiului Bucure\u015fti.<\/p>\n<p>(2) \u00cempotriva m\u0103surilor prev\u0103zute la alin. (1) detectivul particular sau, dup\u0103 caz, societatea comercial\u0103 specializat\u0103 poate face pl\u00e2ngere la judec\u0103toria \u00een circumscrip\u0163ia c\u0103reia \u00ee\u015fi are domiciliul sau sediul.<\/p>\n<p>&nbsp;<\/p>\n<p align=\"center\">CAPITOLUL V<br \/>\n<b>Dispozi\u0163ii finale<\/b><\/p>\n<p><b>Art. 25.<\/b>\u00a0- Controlul activit\u0103\u0163ii specifice desf\u0103\u015furate de societ\u0103\u0163ile specializate \u015fi de cabinetele individuale de detectivi particulari se efectueaz\u0103 de poli\u0163i\u015fti anume desemna\u0163i de c\u0103tre Inspectoratul General al Poli\u0163iei Rom\u00e2ne, cu avizul Ministerului Public.<\/p>\n<p><b>Art. 26.<\/b>\u00a0- Inspectoratul General al Poli\u0163iei Rom\u00e2ne \u0163ine eviden\u0163a tuturor detectivilor atesta\u0163i, a societ\u0103\u0163ilor specializate \u015fi a cabinetelor individuale de detectivi particulari.<\/p>\n<p><b>Art. 27.<\/b>\u00a0- Nomenclatorul de activit\u0103\u0163i din economia na\u0163ional\u0103 se completeaz\u0103 cu activitatea de detectiv particular.<\/p>\n<p><b>Art. 28.<\/b>\u00a0- (1) Prezenta lege intr\u0103 \u00een vigoare la 90 de zile de la publicarea \u00een Monitorul Oficial al Rom\u00e2niei, Partea I.<\/p>\n<p>(2) \u00cen 60 de zile de la publicare, Inspectoratul General al Poli\u0163iei Rom\u00e2ne \u015fi Serviciul Rom\u00e2n de Informa\u0163ii vor elabora proiectul normelor de aplicare a prezentei legi, pe care \u00eel vor supune aprob\u0103rii Guvernului.<\/p>\n<p><i>Aceast\u0103 lege a fost adoptat\u0103 de Senat \u00een \u015fedin\u0163a din 26 iunie 2003, cu respectarea prevederilor\u00a0<a href=\"http:\/\/www.cdep.ro\/pls\/dic\/act_show?ida=1&amp;idl=1&amp;tit=3#t3c1s3a74\">art. 74 alin. (1) din Constitu\u0163ia Rom\u00e2niei<\/a>.<\/i><\/p>\n<p align=\"center\">PRE\u015eEDINTELE SENATULUI<br \/>\n<b>NICOLAE V\u0102C\u0102ROIU<\/b><\/p>\n<p><i>Aceast\u0103 lege a fost adoptat\u0103 de Camera Deputa\u0163ilor \u00een \u015fedin\u0163a din 26 iunie 2003, cu respectarea prevederilor\u00a0<a href=\"http:\/\/www.cdep.ro\/pls\/dic\/act_show?ida=1&amp;idl=1&amp;tit=3#t3c1s3a74\">art. 74 alin. (1) din Constitu\u0163ia Rom\u00e2niei<\/a>.<\/i><\/p>\n<p align=\"center\">p. PRE\u015eEDINTELE CAMEREI DEPUTA\u0162ILOR,<br \/>\n<b>VIOREL HREBENCIUC<\/b><\/p>\n<\/div>\n\t<\/div>\n<\/div>\n\t<\/div>\n<\/div>\n\t<\/div>\n\t\t<\/div>\n\t<\/div>\n<\/div>\n<\/div>","protected":false},"excerpt":{"rendered":"<p>LEGE nr.329 din 8 iulie 2003 privind exercitarea profesiei de detectiv particular CAPITOLUL I Dispozi\u0163ii generale Art. 1.\u00a0&#8211; (1) Detectivul particular este persoana atestat\u0103 \u00een condi\u0163iile prezentei legi \u015fi care, f\u0103r\u0103 s\u0103 aduc\u0103 atingere dreptului la via\u0163\u0103 intim\u0103, familial\u0103 \u015fi privat\u0103 ori altor drepturi \u015fi libert\u0103\u0163i fundamentale, la cererea persoanelor fizice sau juridice, desf\u0103\u015foar\u0103 activit\u0103\u0163i&#8230; <\/p>\n","protected":false},"author":1,"featured_media":0,"parent":0,"menu_order":0,"comment_status":"closed","ping_status":"closed","template":"full-width.php","meta":{"footnotes":""},"class_list":["post-79","page","type-page","status-publish","hentry"],"_links":{"self":[{"href":"https:\/\/detectivi-botosani.ro\/index.php\/wp-json\/wp\/v2\/pages\/79","targetHints":{"allow":["GET"]}}],"collection":[{"href":"https:\/\/detectivi-botosani.ro\/index.php\/wp-json\/wp\/v2\/pages"}],"about":[{"href":"https:\/\/detectivi-botosani.ro\/index.php\/wp-json\/wp\/v2\/types\/page"}],"author":[{"embeddable":true,"href":"https:\/\/detectivi-botosani.ro\/index.php\/wp-json\/wp\/v2\/users\/1"}],"replies":[{"embeddable":true,"href":"https:\/\/detectivi-botosani.ro\/index.php\/wp-json\/wp\/v2\/comments?post=79"}],"version-history":[{"count":3,"href":"https:\/\/detectivi-botosani.ro\/index.php\/wp-json\/wp\/v2\/pages\/79\/revisions"}],"predecessor-version":[{"id":82,"href":"https:\/\/detectivi-botosani.ro\/index.php\/wp-json\/wp\/v2\/pages\/79\/revisions\/82"}],"wp:attachment":[{"href":"https:\/\/detectivi-botosani.ro\/index.php\/wp-json\/wp\/v2\/media?parent=79"}],"curies":[{"name":"wp","href":"https:\/\/api.w.org\/{rel}","templated":true}]}}